vided by t(10)?
24
Suppose -2*a = 4 - 48. Suppose 0*m = 4*m - 20. Calculate the remainder when a is divided by m.
2
Let p be (2/(-3))/((-7)/21). Suppose x = -p*m + 7*m - 20, 0 = 5*m + 3*x - 20. What is the remainder when 7*(-2)/2*-1 is divided by m?
3
Let w(o) = 10*o - 25. What is the remainder when w(4) is divided by 3?
0
Suppose -29 + 5 = -4*a. Calculate the remainder when 16 is divided by a.
4
What is the remainder when 19 is divided by (-324)/(-90) - 3/5?
1
Suppose -s + 39 = -5*p, 5*s - 2*p = 100 + 164. Calculate the remainder when s is divided by 1*(-3)/(3/(-14)).
12
Suppose -44 = 7*d - 205. Calculate the remainder when d is divided by 13.
10
Suppose 0 = -3*a + 2*a + 9. Suppose a*b - 45 = 4*b. What is the remainder when 17 is divided by b?
8
Let g(i) = i**3 - 3*i**2 - 4*i + 3. Calculate the remainder when g(5) is divided by 7.
5
What is the remainder when (5/((-125)/60))/(2/(-10)) is divided by 7?
5
Suppose 7 = p - m, p - 65 = -4*p - 5*m. What is the remainder when 37 is divided by p?
7
Calculate the remainder when 45 is divided by (76/(-24))/((-2)/12).
7
Let i(o) = -10*o + 18. Calculate the remainder when i(-5) is divided by 18.
14
Let b = 12 + -10. Calculate the remainder when 5 is divided by b.
1
Suppose -2*w - 40 = -5*w - 2*l, 0 = w + 2*l - 16. Suppose -3*x + 1 + 1 = q, 0 = 4*x + 5*q + w. Let y = 1 - -1. What is the remainder when x is divided by y?
0
Let l(h) = -h**2 + 7*h - 1. Let q(j) = j**3 - 5*j**2 + 2*j - 4. Let n be q(5). Let a = n - 2. What is the remainder when l(a) is divided by 3?
2
Suppose r - 234 = -2*r. Calculate the remainder when r is divided by 27.
24
Let x = 106 + -64. Calculate the remainder when 125 is divided by x.
41
Let l = 176 - 174. What is the remainder when l is divided by 1?
0
Let w = 18 - 1. Suppose 268 = 3*p + p. Suppose 3 = -2*c + p. Calculate the remainder when c is divided by w.
15
Suppose v = 3*r + 11, 4*v - 2*v - 3*r = 13. Suppose -5 = -v*n + 119. Calculate the remainder when n is divided by 16.
14
Suppose -c = -2*c - 4. Let r = 1 - c. What is the remainder when 7 is divided by r?
2
Suppose -3*a + 3*l + 231 = 0, -5*l + 20 = -0*l. What is the remainder when a is divided by 21?
18
Let f be ((-14)/(-21))/((-2)/(-12)). Suppose 63 = f*t - 3*m, 3*t + 2*m - 40 = -3*m. What is the remainder when 57 is divided by t?
12
Let o(i) = 2*i**3 - 5*i**2 + 4*i - 1. Let p be o(3). Let h be (-2)/((2/p)/(-1)). Suppose -3*j = -10 - h. Calculate the remainder when j is divided by 4.
2
Let t be (63/3)/3 - 3. Suppose x - 110 = -t*x. Calculate the remainder when x is divided by 12.
10
Let s(k) = -13*k**2 - k + 6. Let g(v) = -v**2 + 1. Let j(z) = 4*g(z) - s(z). Calculate the remainder when j(3) is divided by 21.
19
Let k = 37 - 18. Calculate the remainder when 75 is divided by k.
18
Suppose 3*u - k = -0*u + 81, 0 = -4*u + 4*k + 108. What is the remainder when u is divided by 14?
13
Let y = 297 - 211. What is the remainder when y is divided by 22?
20
Suppose -x = 2*x + 4*p - 42, 0 = 4*x + 3*p - 56. Let d be 74/x + (-10)/35. Let o(i) = i**2 - 5*i + 1. What is the remainder when 2 is divided by o(d)?
0
Suppose 3*a = -a + 8. Calculate the remainder when 1/6 - (-58)/12 is divided by a.
1
Suppose 197 = -5*i + 57. Suppose a + 2*a = t + 119, t + 159 = 4*a. Let o = i + a. Calculate the remainder when 22 is divided by o.
10
Suppose 4*x = 3*y - 40, 5*y = 4*x + 66 + 6. Suppose 4*n + 7 = 147. Let g = 65 - n. Calculate the remainder when g is divided by y.
14
Suppose 0 = -2*b - 3*h + 3 + 18, -4 = -b + 5*h. What is the remainder when 15 is divided by b?
6
Calculate the remainder when 87 is divided by 102/4 + 4 - 2/(-4).
27
Let t(c) = c**2 - 3*c + 4. Let z be t(2). Let x be -2*1/((-2)/43). Suppose z*b = x + 21. Calculate the remainder when b is divided by 11.
10
Suppose 2*j + 4*a - 36 = 0, -a + 18 = -3*j + 4*j. Suppose 3*q - w - 29 = 0, -2*q = -4*w + 3*w - j. What is the remainder when q is divided by 3?
2
Let c(s) = -s**3 - 9*s**2 - 19*s - 19. Calculate the remainder when 47 is divided by c(-7).
15
Suppose -1 - 20 = -3*u. What is the remainder when 95 is divided by u?
4
Let p(l) = -8*l**3 - l**2. Suppose 4*a - 33 = 11. What is the remainder when a is divided by p(-1)?
4
Let n = -4 + 7. Suppose -2*x + 4*s + 10 + 26 = 0, 0 = n*x + 5*s - 76. Calculate the remainder when 86 is divided by x.
20
Let w be (-4)/6 + (-30)/9. Let t = -2 - w. Suppose -t*r - 6 = -3*r. What is the remainder when r is divided by 4?
2
Suppose 0 = -4*j + 2*p - 8, -8 = 5*j + 4*p + 2. What is the remainder when 75 is divided by 12 + 2*j/(-4)?
10
Suppose -x - 456 = 2*x. Let m be x/(-26) - (-6)/39. What is the remainder when 24 is divided by 288/30 + m/(-10)?
6
Calculate the remainder when 94 is divided by 2/(-8) - ((-150)/24 + -2).
6
Let n(z) = z**2 + 3*z + 3. Let a be n(-2). Let c(v) = 6*v. What is the remainder when 17 is divided by c(a)?
5
Let h(m) = m**2 - 4*m + 4. Let d be h(4). Let y = d - 0. Let x(a) = -a**2 - 10*a + 110. What is the remainder when x(-16) is divided by y?
2
Let p = 4 - -14. Calculate the remainder when 88 is divided by p.
16
Let l = -27 + -13. What is the remainder when 33 is divided by 16/l - 174/(-10)?
16
Let q(i) = -4*i + 1. Let v(a) = 31*a + 1. Let k be v(1). Suppose j = -j - 4*z + k, 3*z - 48 = -3*j. Calculate the remainder when j is divided by q(-2).
7
Suppose 3*t = -3*o - 585, 2*t + 5*o - 97 = -487. Let g = -98 - t. Calculate the remainder when g is divided by 25.
22
Let i(v) = -26*v + 8*v - 4 - 6. What is the remainder when i(-6) is divided by 25?
23
Let u(w) = 2*w**3 - 2*w**2 - 2*w + 1. Let f be (-208)/56 - 2/7. Let l = -1 - f. Calculate the remainder when u(l) is divided by 8.
7
Let g(v) = -v + 1. Let f = -27 + 49. What is the remainder when f is divided by g(-5)?
4
Let s = 18 + -11. Calculate the remainder when 10 is divided by s.
3
Let s = 2 - -9. Let y(r) = r**2 + 3*r + 1. Let m be y(-4). What is the remainder when ((-16)/m)/(2/(-20)) is divided by s?
10
Let y(f) = 4*f**2 + 2*f - 1. Let n be y(1). Suppose m = -n*b + 21, -5*m + m = 16. What is the remainder when 13 is divided by b?
3
Let q be ((-156)/(-65))/((-4)/(-10)). Let x = 1 + q. What is the remainder when 11 is divided by x?
4
Suppose w - 37 = 5*t, 269 + 26 = 5*w - 3*t. Suppose i = -i + w. What is the remainder when 121 is divided by i?
28
Let g = 9 + 2. Suppose 63 = z + 11. What is the remainder when z is divided by g?
8
Let j(l) = l**2 + 10*l + 5. Let m be j(-7). Let w = -1 - m. Let b(k) = -k**3 + 7*k**2 - 6*k + 4. Calculate the remainder when w is divided by b(6).
3
Let s = -5 - -11. Let l(u) = -2*u**3 + u**2 + 3*u + 3. Let a be l(-2). Let n = a - s. What is the remainder when 20 is divided by n?
9
Let v = -5 + 19. What is the remainder when 53 is divided by v?
11
Suppose n - 2*c = 38, 0 = -0*n + n - 3*c - 40. Let f = 49 - n. Calculate the remainder when 89 is divided by f.
14
Let n = -77 - -95. Let o = 7 - -45. What is the remainder when o is divided by n?
16
Let u(k) = -2*k + 3. Let d = -14 - -5. Suppose -4*g = 5*l - 47, -5*l + 2*g = -2*l - 37. Calculate the remainder when u(d) is divided by l.
10
Let v(g) = g**2 - 4. Let m be v(3). Let s(h) = h**3 - 5*h**2 + 4*h - 5. Let y be s(m). Let r = y - -29. Calculate the remainder when r is divided by 15.
14
Let f(c) be the second derivative of c**4/12 + c**3/2 + 2*c**2 - 4*c. Calculate the remainder when 38 is divided by f(-4).
6
Let z(r) = -2*r**3 - r**2 + 3*r + 1. What is the remainder when 18 is divided by z(-2)?
4
Suppose 5*j = 3*r + r - 173, 5*r - 4*j = 223. Calculate the remainder when r is divided by 12.
11
Suppose 0*u = -3*u + 66. Let x = -13 + u. What is the remainder when 37 is divided by 357/27 - 2/x?
11
Suppose 94 = 3*b - 4*f, -3*b - 64 + 162 = -2*f. Calculate the remainder when b is divided by 18.
16
Let u = -4 - -30. Calculate the remainder when u is divided by 15.
11
Let m(p) = p**3 + 7*p**2 - 12*p + 1. Let f be m(-9). Let n = 91 + f. Calculate the remainder when 149 is divided by n.
35
Let k = -33 + 56. Calculate the remainder when k is divided by 12.
11
What is the remainder when 78 is divided by (6 - (2 + 1))*9?
24
Suppose -l = 3*f - 6, 0*l - l - 4*f = -4. Calculate the remainder when l is divided by 5.
2
Suppose 0 = 8*f - 445 + 29. What is the remainder when 103 is divided by f?
51
Suppose -92 = -5*k - 4*t, -22 +